431. Let j = -145 - n. List the prime factors of j.
3, 31
Let i = 23 - 33. What are the prime factors of i/(-1) + (-4)/12*-6?
2, 3
Suppose -a + 3*r - 148 = 0, 2*r = 3*a - 2*r + 469. Let y = a + 310. List the prime factors of y.
3, 7
Let g(x) be the first derivative of x**5/30 + 7*x**4/24 + 2*x**3/3 - 3*x**2/2 + 7. Let w(j) be the second derivative of g(j). List the prime factors of w(-4).
2
Suppose -16 = -3*x - 4*o, -o + 4*o + 9 = 3*x. Suppose x*l = 6*l - 38. List the prime factors of l.
19
Suppose b = 3 - 2. Let t be (1 + 2)/((-3)/3). What are the prime factors of (0 + -135)/t - b?
2, 11
Let q(p) = 10*p - 34. Let l be q(3). What are the prime factors of -6*((-260)/12 + l)?
2, 7, 11
Suppose 4*y = -2*s - 30, 5*y + 2*s + 39 = -s. Let j(r) = r**3 + 6*r**2 + 2. Let g be j(y). Let k = 2 + g. What are the prime factors of k?
2
Let k = 28 - 56. Let t = 25 - k. Suppose -3*g = -g - 5*x - t, -3*x = 5*g - 86. What are the prime factors of g?
19
Let l = -22 - -87. List the prime factors of l.
5, 13
Suppose -13*z + 3653 = -8502. What are the prime factors of z?
5, 11, 17
Suppose -13*d = -2*d - 15235. What are the prime factors of d?
5, 277
Let w = 7 - 4. Let q(d) = 1 + w*d + 1 - 10 - d. What are the prime factors of q(11)?
2, 7
Let v(j) = -270*j - 44. List the prime factors of v(-8).
2, 23
Suppose -2128 = -3*g - 3*r + 2786, r = -4*g + 6540. List the prime factors of g.
2, 19, 43
Let u be (-3 - (-15)/6)*-74. Let i = u - 21. What are the prime factors of i?
2
Suppose 25 = 3*p - 4*h + 8, 0 = 2*h + 4. Suppose -128 = -3*g - w, -3*g - p*w - 46 = -4*g. List the prime factors of g.
43
Let p(h) = -h + 2. Let o be p(3). Let l be (0 + o - 4) + 4. What are the prime factors of -2*14*(0 + l)?
2, 7
Suppose d + 8 = f, -3*f - 4*d + 13 = 2*f. Suppose -f = -5*g - 0*g. Suppose 4*b - 77 = -0*b + 3*t, -g = -t. List the prime factors of b.
2, 5
Suppose 0 = -2*s - 4*t - 16, 0*t - 12 = 3*t. Suppose s = -0*q + 2*q - 78. What are the prime factors of q?
3, 13
Let b(d) = 3*d**2 - 59*d + 133. List the prime factors of b(23).
3, 11
Let n = -240 - -260. Let p(j) = -2*j**2 - 1. Let q be p(-1). What are the prime factors of 21*(q + n/6)?
7
Suppose 2*k - 11686 = -h, -6386 = -k - 3*h - 533. List the prime factors of k.
3, 11, 59
List the prime factors of 4766 + (-70)/10*1.
4759
Suppose -2*j + 169 + 615 = 0. Suppose 30*l = 34*l - j. List the prime factors of l.
2, 7
Suppose 365 + 817 = 3*j. List the prime factors of j.
2, 197
Let p be (5/15)/(1/6 + 0). Suppose -p*q - 260 = -5*h, 77 = 5*h - 3*q - 178. What are the prime factors of h?
2, 3
Suppose 67 = m - 369. List the prime factors of m.
2, 109
Let y(x) = 13*x**2 + x. Let h be y(1). Let o = -23 + h. What are the prime factors of (-4)/((-12)/o) - -33?
2, 3, 5
Let o = 1295 + -1035. What are the prime factors of o?
2, 5, 13
Let o be (-7)/((-42)/(-18)) - -131. Let q = 9 + 19. Suppose -5*z = q - o. What are the prime factors of z?
2, 5
Let f(s) = -s**2 - 2*s + 10. Let i be f(-4). Suppose -i*m = -3*n + 38 + 212, 0 = n + 3*m - 98. List the prime factors of n.
2, 43
Let h = -7 - -8. Let x be 2 + -3 - h/(-1). Suppose j - 6*j + 37 = n, -5*n - 2*j + 93 = x. What are the prime factors of n?
17
Let x = -1020 + 2091. List the prime factors of x.
3, 7, 17
Let r be (-1)/(2 - 1551/774). Suppose -3*t - 262 + 780 = -4*a, -2*a + 2*t = r. Let b = 196 + a. What are the prime factors of b?
5, 13
Let t = -8 - -14. Let h(m) = -7*m**2 - 8*m + 10. Let w(f) = -f**3 - f**2 - 1. Let z(a) = -h(a) + w(a). List the prime factors of z(t).
37
Suppose 0 = -4*a - 4. Let y(t) be the first derivative of 5*t**3/3 - 3*t**2/2 - 2*t + 13. What are the prime factors of y(a)?
2, 3
Let p be 130 - (1 - (1 + 1)). Suppose 0*h = 2*h + 3*b - 109, -3*h + p = -2*b. Suppose 0 = -2*x - 3*a + h, 0 = 2*a - 4 - 6. List the prime factors of x.
2
Let r be (-4)/10 - 140/25. Let y be (-69)/(-18) + (-1)/r. Suppose -13 + 79 = y*b - 2*j, 5*j = 5. List the prime factors of b.
17
Let l = 146 + -35. Suppose l = 6*n - 279. What are the prime factors of n?
5, 13
Let n(b) = 16*b**2 - 1. List the prime factors of n(-3).
11, 13
Let n be ((-12)/6)/(4 + -3 + 0). Let k(m) = m - 1. Let z(t) = -2*t + 1. Let w(i) = -7*k(i) - 3*z(i). What are the prime factors of w(n)?
2, 3
Suppose -35*z + 20*z + 30 = 0. Let t = 3 + -1. List the prime factors of (-3)/z*t - -24.
3, 7
Let h(c) = c - 13. Let y be h(-14). Let g = 54 + y. What are the prime factors of g?
3
Let i(t) = -t**3 + 8*t**2 + 2. Let n be i(8). Suppose 0*m - 3*m - l + 3 = 0, n*m = -2*l + 2. List the prime factors of m/(-5) - (-205)/25.
2
Let k be ((-8)/(-5))/((-4)/(-10)). Suppose 2*z - 192 = -2*a, -2*z + k*z - 4 = 0. List the prime factors of a.
2, 47
Let r = 162 + -14. Suppose 0*x + r = 4*x. Let i = x + -29. What are the prime factors of i?
2
Let q(y) = -y**2 + 6*y - 6. Let g be q(6). Let d(j) be the third derivative of -j**4/8 - j**3/6 + j**2. What are the prime factors of d(g)?
17
Suppose -14*c = -46240 + 18142. What are the prime factors of c?
3, 223
List the prime factors of 4/(28/21) + (-1652)/(-2).
829
Suppose -733 = -9*z + 779. What are the prime factors of z?
2, 3, 7
Let m = -121 - -463. What are the prime factors of m?
2, 3, 19
Let x(a) = 7*a**2 - 18*a + 13. List the prime factors of x(9).
2, 11, 19
Suppose 4*m + t = 10511, -4*m + 10536 = -7*t + 3*t. What are the prime factors of m?
11, 239
Let c(t) = t**3 - 14*t + 0 - 1 + 14*t**2 - 4 - 4*t. List the prime factors of c(-15).
2, 5
Let u(z) = -z**2 - 9*z + 23. Let s be u(-10). Suppose -s*i = -16*i + 96. List the prime factors of i.
2
Let n(j) = -j**2 - 8*j - 13. Let g be n(-3). Suppose 9 + 22 = k - g*i, i = k - 26. List the prime factors of k.
3, 7
List the prime factors of (-4 + (-48)/(-10))*6950/4.
2, 5, 139
Suppose -2*b + 2231 + 571 = -2*k, -3*b + 4197 = -k. List the prime factors of b.
2, 3, 233
Let g be 20/(-6)*90/25. Let r be 28/24*-2*g. Suppose 2*a - 78 = -4*n - r, -3*n = -5*a + 73. What are the prime factors of a?
17
Suppose -7*n - 43 + 11173 = 0. What are the prime factors of n?
2, 3, 5, 53
Let l = 4015 - 6159. List the prime factors of l/(-10) - 3/(60/8).
2, 107
Let f(p) = p**3 + 5*p**2 + 5*p. Let m be f(-4). Suppose -10*b + 21*b - 330 = 0. Let u = b + m. List the prime factors of u.
2, 13
Let f = 15 + -11. Suppose 4*c - f = -12. List the prime factors of (-4 - c)/((-10)/15).
3
Suppose 4*s = 5 + 59. Let x be (s/(-20))/(4/(-10)). Suppose 0 = -4*k - 5*o - 0*o + 159, -k + 39 = x*o. What are the prime factors of k?
41
Suppose s - 4*o - 44 = 0, -3*s + s - 4*o = -52. What are the prime factors of s?
2
Let q be -51 + (-1)/5*0. Let z = q + 86. What are the prime factors of z?
5, 7
Suppose z - 2*z = -204. Suppose 0 = -3*b + 3*n - 0*n + z, 0 = -b - 3*n + 60. List the prime factors of b.
2, 3, 11
Let w = 39 + -27. Let h be 64/12 + (-4)/w. Let k(j) = j**3 - 2*j**2 - 6*j + 2. What are the prime factors of k(h)?
47
Suppose -4*b - 31 - 39 = 5*r, 0 = -4*r + 8. Let c = -21 - b. Let i(k) = -13*k**3 + k**2 + k + 1. List the prime factors of i(c).
2, 7
Let w(q) = 3*q**3 + 8*q**2 - 32. What are the prime factors of w(6)?
2, 113
List the prime factors of (3 - 0) + 139 + -4.
2, 3, 23
Suppose -13 + 13 = 5*k. Suppose -126 = -s - 2*f, -4*f + k*f = 0. What are the prime factors of s?
2, 3, 7
Let d = 299 - 209. Let z = 107 - d. List the prime factors of z.
17
Let i = 31 - 24. Let p = 74 - i. What are the prime factors of p?
67
Let k(t) = 247*t**3 - 7*t**2 + t + 2. What are the prime factors of k(2)?
2, 61
Let q = 5 + -32. List the prime factors of (18/q - (-4)/6) + 107.
107
Suppose 25*y - 2249 = -2*j + 20*y, j - 1118 = 4*y. What are the prime factors of j?
2, 3, 11, 17
Let b = 6 - 10. Let m be 27/b + 8/(-32). List the prime factors of (-31)/((m - -4)/3).
31
Suppose -7168 = -5*g + 4*h, 3*g - 3675 = -4*h + 613. What are the prime factors of g?
2, 179
Suppose 0 = -3*p + 2*h + 3197, -4*p + 148 = 2*h - 4096. What are the prime factors of p?
1063
Suppose -2070 = -46*k + 23*k. What are the prime factors of k?
2, 3, 5
Let l(g) = 12*g - 10. Suppose 4*m - 2 = 22. Let j be l(m). Suppose -238 = -6*x + j. List the prime factors of x.
2, 5
Suppose -10*i + 7*i = -3*s - 582, -3*i - 186 = s. Suppose 3*w - 12 = 4*l + 3, 2*w + 4*l - 30 = 0. List the prime factors of (w + -2)*s/(-56).
2, 3
Let x(w) = -32*w + 48. List the prime factors of x(-